s the tens digit of 57026473?
7
What is the billions digit of 1551592844?
1
What is the millions digit of 1308362875?
8
What is the billions digit of 3380271996?
3
What is the hundred millions digit of 6424388689?
4
What is the ten thousands digit of 62368181?
6
What is the ten millions digit of 526711545?
2
What is the ten millions digit of 409479009?
0
What is the thousands digit of 474977678?
7
What is the hundreds digit of 217892920?
9
What is the hundred thousands digit of 469946815?
9
What is the ten thousands digit of 293941116?
4
What is the tens digit of 60011717?
1
What is the hundred thousands digit of 2867941388?
9
What is the tens digit of 180048541?
4
What is the hundred thousands digit of 155751632?
7
What is the thousands digit of 94083818?
3
What is the ten thousands digit of 1737178845?
7
What is the thousands digit of 14519275?
9
What is the ten millions digit of 974776559?
7
What is the tens digit of 2445645313?
1
What is the tens digit of 343318811?
1
What is the units digit of 2018965?
5
What is the tens digit of 5119056?
5
What is the millions digit of 1082592334?
2
What is the hundred millions digit of 219553296?
2
What is the hundred thousands digit of 49632269?
6
What is the tens digit of 52059550?
5
What is the hundreds digit of 5196633368?
3
What is the hundreds digit of 3458366?
3
What is the hundreds digit of 122902040?
0
What is the tens digit of 287268008?
0
What is the units digit of 745716667?
7
What is the millions digit of 248410455?
8
What is the thousands digit of 46002503?
2
What is the tens digit of 353415335?
3
What is the hundreds digit of 36420790?
7
What is the hundreds digit of 140737138?
1
What is the units digit of 45530740?
0
What is the ten millions digit of 3367773290?
6
What is the units digit of 168782253?
3
What is the hundreds digit of 14495853?
8
What is the hundreds digit of 1305397806?
8
What is the hundred thousands digit of 4973333833?
3
What is the ten millions digit of 15222924?
1
What is the thousands digit of 6353909883?
9
What is the billions digit of 1041394285?
1
What is the thousands digit of 5664894027?
4
What is the hundreds digit of 109905560?
5
What is the hundred thousands digit of 41586093?
5
What is the hundreds digit of 7718851?
8
What is the hundreds digit of 947481148?
1
What is the hundred thousands digit of 224759278?
7
What is the units digit of 82825692?
2
What is the hundreds digit of 67170333?
3
What is the hundred millions digit of 4398121816?
3
What is the thousands digit of 114201768?
1
What is the hundreds digit of 91274626?
6
What is the thousands digit of 473239535?
9
What is the hundreds digit of 4298774090?
0
What is the ten millions digit of 64659413?
6
What is the units digit of 307206341?
1
What is the ten millions digit of 3543806708?
4
What is the hundred thousands digit of 17076785?
0
What is the units digit of 25210407?
7
What is the hundred thousands digit of 118103759?
1
What is the hundreds digit of 156974211?
2
What is the ten thousands digit of 2591229648?
2
What is the hundreds digit of 91799665?
6
What is the hundred millions digit of 430565946?
4
What is the millions digit of 114863345?
4
What is the hundreds digit of 182144521?
5
What is the hundred thousands digit of 31479772?
4
What is the millions digit of 41369004?
1
What is the tens digit of 74511570?
7
What is the millions digit of 625235187?
5
What is the hundred millions digit of 3001077373?
0
What is the units digit of 69631976?
6
What is the ten millions digit of 1261105791?
6
What is the ten thousands digit of 401453105?
5
What is the thousands digit of 7957345?
7
What is the units digit of 15371981?
1
What is the ten millions digit of 291040415?
9
What is the millions digit of 198628392?
8
What is the ten millions digit of 62829370?
6
What is the ten thousands digit of 114355653?
5
What is the ten thousands digit of 149085529?
8
What is the units digit of 263559568?
8
What is the units digit of 95811740?
0
What is the tens digit of 343755240?
4
What is the thousands digit of 813097590?
7
What is the hundred thousands digit of 315118531?
1
What is the millions digit of 5630560?
5
What is the ten thousands digit of 3345797693?
9
What is the units digit of 59784253?
3
What is the hundred thousands digit of 502287330?
2
What is the millions digit of 51553711?
1
What is the hundred thousands digit of 5095209624?
2
What is the hundred thousands digit of 278984838?
9
What is the ten millions digit of 341259554?
4
What is the ten millions digit of 5131427912?
3
What is the tens digit of 51037124?
2
What is the millions digit of 12702753?
2
What is the hundred thousands digit of 122174757?
1
What is the units digit of 497584043?
3
What is the tens digit of 303955299?
9
What is the thousands digit of 1017229806?
9
What is the tens digit of 4016764842?
4
What is the thousands digit of 172034685?
4
What is the hundred thousands digit of 660721907?
7
What is the units digit of 8997538?
8
What is the thousands digit of 843910904?
0
What is the billions digit of 1503116738?
1
What is the thousands digit of 11053130?
3
What is the units digit of 953133197?
7
What is the hundred thousands digit of 1539417423?
4
What is the ten thousands digit of 1241195332?
9
What is the ten thousands digit of 7474210?
7
What is the millions digit of 2366631916?
6
What is the thousands digit of 9731160?
1
What is the ten millions digit of 345029187?
4
What is the ten millions digit of 1012256043?
1
What is the hundred millions digit of 358146490?
3
What is the tens digit of 7430657097?
9
What is the units digit of 922608207?
7
What is the tens digit of 14754289?
8
What is the millions digit of 58929110?
8
What is the tens digit of 174984722?
2
What is the units digit of 38556304?
4
What is the hundreds digit of 4358802126?
1
What is the hundred thousands digit of 57273351?
2
What is the billions digit of 1232831881?
1
What is the thousands digit of 7007506193?
6
What is the hundred millions digit of 299374681?
2
What is the units digit of 233646196?
6
What is the millions digit of 203579221?
3
What is the millions digit of 270026832?
0
What is the millions digit of 90571209?
0
What is the units digit of 17886976?
6
What is the millions digit of 16047283?
6
What is the hundred millions digit of 205969068?
2
What is the ten thousands digit of 180570250?
7
What is the millions digit of 410628105?
0
What is the tens digit of 3298138504?
0
What is the hundreds digit of 471457108?
1
What is the hundreds digit of 1173502106?
1
What is the tens digit of 705158947?
4
What is the hundred millions digit of 508555493?
5
What is the units digit of 3442083?
3
What is the units digit of 267614763?
3
What is the tens digit of 26006541?
4
What is the hundred thousands digit of 110570635?
5
What is the thousands digit of 241670245?
0
What is the ten millions digit of 882136232?
8
What is the millions digit of 255282765?
5
What is the tens digit of 110618026?
2
What is the millions digit of 229518961?
9
What is the hundred millions digit of 683379868?
6
What is the hundred millions digit of 195294081?
1
What is the tens digit of 408675350?
5
What is the hundreds digit of 386843896?
8
What is the ten thousands digit of 223773725?
7
What is the ten millions digit of 3299838949?
9
What is the units digit of 60443693?
3
What is the millions digit of 3908708238?
8
What is the units digit of 48459915?
5
What is the hundreds digit of 135302902?
9
What is the ten thousands digit of 147288993?
8
What is the millions digit of 27187674?
7
What is the thousands digit of 25689364?
9
What is the units digit of 223648400?
0
What is the tens digit of 862148364?
6
What is the thousands digit of 1475742492?
2
What is the units digit of 247422913?
3
What is the hundreds digit of 1205460549?
5
What is the millions digit of 398583824?
8
What is the millions digit of 126424744?
6
What is the ten thousands digit of 5320300914?
0
What is the thousands digit of 613638039?
8
What is the tens digit of 998933638?
3
What is the units digit of 3704328635?
5
What is the hundred thousands digit of 498198827?
1
What is the ten thousands digit of 16918396?
1
What is the millions digit of 52288525?
2
What is the hundred thousands digit of 292989096?
9
What i